 and 14.
14
Let y(w) = -w**3 - 5*w**2 - 8. Suppose -2*p + 3*p = -6. Let m be y(p). What is the greatest common divisor of m and 42?
14
Let b = 12 - 7. Suppose 0 = -k + 2, -4*m + k - 3*k + 164 = 0. What is the greatest common factor of b and m?
5
Let v(s) = -s**2 + 12*s - 6. Let z be v(8). Suppose 3*w - z = w. What is the greatest common divisor of w and 26?
13
Let s(n) = -n**2 - 4*n + 1. Let k(z) = z + 1. Let q(x) = -4*k(x) - s(x). Let d be q(-4). What is the greatest common divisor of 22 and d?
11
Let z be 118/6 - 2/(-6). Let p(s) = -5*s - 3*s - 2 + 59*s**2 + 5*s. Let k be p(-1). What is the highest common factor of k and z?
20
Let y = -3 - -4. Let p(l) = l**3 + 5*l**2 + 2*l - 5. Let h be p(-4). Let s be 2/4 - h/(-2). What is the highest common factor of s and y?
1
Suppose -3 - 5 = -4*m, 4*m - 10 = -2*l. Let t = -35 - -43. What is the highest common factor of l and t?
1
Let l = 47 - 21. Suppose 44 + 146 = 5*v + o, -5*o = -4*v + 181. What is the highest common factor of v and l?
13
Let x be (-1)/3*216/(-9). Let y(r) = r**3 - 8*r**2 + r + 9. Let b be y(x). Calculate the highest common factor of 119 and b.
17
Suppose -4*m - 20 = -4*d, -3*m + 0*d - 7 = -d. Let w = m + 2. Let z be 4 - 2 - (-19)/w. What is the highest common divisor of z and 14?
7
Suppose -10 = -4*j - 5*q + 5, 40 = 3*j - 2*q. Suppose o - 5 - 1 = -4*v, -4*o = 2*v - j. What is the highest common factor of o and 5?
1
Let p(r) = 6*r**3 - 3*r**2 + 3*r + 4. Let s be p(6). Suppose 6*m - s = m. Let t be m/14 + (-4)/14. Calculate the greatest common divisor of t and 17.
17
Let b(o) = 6*o**2 + o**3 + 0*o**3 - 3 + 0*o**2. Let w be b(-6). Let t be (w/4)/((-4)/256). What is the highest common factor of 8 and t?
8
Let a(h) = -h**3 + 27*h**2 + 59*h - 25. Let x be a(29). What is the highest common factor of 36 and x?
4
Suppose 3*j = -2*s + 411, -2*s - 5*j + 614 = s. What is the highest common divisor of 71 and s?
71
Suppose 13*t + 8*t - 462 = 0. What is the highest common factor of 22 and t?
22
Let t(s) = -13*s - 5. Let g be t(-5). Let w be ((-9)/(-4))/((-18)/48). Let y be 12 - (-2)/(w/(-9)). Calculate the greatest common factor of y and g.
15
Let r(z) be the first derivative of z**4/4 - z**2 + 4*z - 2. Let j be r(4). What is the highest common divisor of 12 and j?
12
Let x = 4 + -2. Let r = 11 - x. Calculate the greatest common divisor of r and 63.
9
Let b be (0 - -1)/((-2)/(-30)). Suppose 0 = 3*x - 36 - b. What is the highest common factor of 34 and x?
17
Let h(c) = c - 3. Let p be h(6). Let o be p - (-4)/(-2) - -16. Calculate the greatest common factor of 17 and o.
17
Let v be 1/(-4) + 6615/60. Suppose 2*o - 48 = 6*o. Let h = o - -22. Calculate the highest common factor of v and h.
10
Suppose 0 = 4*a - 33 - 27. Calculate the highest common factor of a and 120.
15
Suppose 0 = -2*f + 5*f + 6, 4*f = y - 33. Calculate the greatest common factor of 5 and y.
5
Suppose -d - 3*h = -7 - 6, -h - 1 = -5*d. Let w(n) = 79*n**2 + 1. Let a be w(d). Let f be 1/(4 - 252/64). Calculate the highest common factor of a and f.
16
Let a be ((-9)/((-36)/(-16)))/((-8)/12). Calculate the greatest common factor of 6 and a.
6
Let y be (176/(-10) + 2)/(3/(-20)). What is the greatest common factor of 13 and y?
13
Suppose -2*d = -d - 15. Let o be 6/d - (-146)/10. Calculate the highest common divisor of o and 15.
15
Let t(f) = 83*f**3 + f**2. Let b be t(1). Calculate the greatest common factor of b and 42.
42
Suppose 4*q - 212 - 48 = 0. Calculate the highest common factor of 13 and q.
13
Let m(k) = k**3 - 4*k**2 + 2*k - 4. Let b be m(4). Suppose -b*c = -8*c + 324. Let p = 141 - c. What is the greatest common factor of 12 and p?
12
Let n(d) = 2*d. Let q be n(-1). Let k be q/(-6) - (-16)/(-3). Let a(t) = -t**2 - 7*t - 6. Let o be a(k). What is the highest common factor of 28 and o?
4
Let n = -109 + 113. Suppose -2*t = 3*t - 40. Calculate the greatest common divisor of t and n.
4
Suppose 2*c + 3*g - 51 = -0*g, 3*c - 69 = -3*g. Calculate the greatest common divisor of c and 24.
6
Let o be (1 + 0)/(1/8). Suppose 0 = -0*z + z. Suppose -3*t = z, 4*t + 32 = j + 5*t. Calculate the highest common divisor of j and o.
8
Suppose 6*z + 123 = 3*z. Let t = 115 + z. Suppose t = -4*a + 186. What is the greatest common divisor of 14 and a?
14
Suppose 0 = -5*i + 78 + 32. What is the greatest common factor of 11 and i?
11
Suppose -6 + 14 = 4*l. Suppose -3*s = -l - 4. Suppose s*t - 358 = -2*i, -i + 188 = t + 3*i. Calculate the greatest common factor of 16 and t.
16
Let d(n) = 4*n**2 - 9*n - 2. Let v be d(-5). Suppose -4*l = -74 - 34. Let r = -14 + l. What is the greatest common factor of r and v?
13
Let c = -6 + 15. What is the highest common factor of c and 63?
9
Suppose 3*c - 6*u + 2*u - 6 = 0, 5 = 2*c - 3*u. Let m = 4 + c. Suppose -m*i + 36 = i. Calculate the greatest common factor of 30 and i.
6
Let u be (12/(-24))/((-1)/2). What is the highest common factor of 3 and u?
1
Suppose 65 = -5*l + 4*z - 0*z, 5*z - 52 = 3*l. Let u = 31 + l. Calculate the highest common divisor of u and 33.
11
Let k be (6 - 6)/(2 + 0). Suppose -2*c + 10 + 0 = k. Let p = 17 - c. Calculate the highest common factor of p and 36.
12
Suppose 0*j - 3*j + 288 = 0. Let u be (12/5)/((-1)/(-5)). Calculate the highest common factor of u and j.
12
Let s be (-84)/(-16) + 2/(-8). Suppose -3*l = i - 5, -3 - 2 = -5*i + s*l. Suppose -26 = -i*b + 18. Calculate the greatest common factor of b and 33.
11
Suppose 3*j = 9, -a + j = 2*a - 87. Suppose n - 36 = 39. What is the highest common factor of a and n?
15
Suppose 4 = -2*l + 16. Let z be (-4)/l*(-216)/16. Suppose 5*i - 174 - 186 = 0. What is the greatest common factor of z and i?
9
Let i(u) = 2 + u - u**3 + 3*u - 4*u**2 + 0. Let a(v) = -v**2 - 4*v - 1. Let t be a(-5). Let g be i(t). Calculate the highest common factor of g and 10.
10
Suppose -4*i = -3*i + 9. Let c = i + 49. Calculate the greatest common factor of 60 and c.
20
Let s(v) = -1 - 2*v + 2 + 6 - v. Let b be s(-7). Let n(x) = -4*x**3 + x + 1. Let u be n(-1). What is the highest common divisor of b and u?
4
Let j(m) = m**3 + 2*m**2 + 3*m + 2. Let l be j(-3). Let o be (0 - l) + (0 - 1). Let t = 50 - o. What is the highest common factor of 14 and t?
7
Suppose 46 = 5*j + 4*l - 22, -3*l = 4*j - 54. Calculate the highest common factor of 144 and j.
12
Let g(n) = -n**2 + 5*n + 3. Let w be g(5). Let k be 433/w - (-1)/(-3). What is the greatest common divisor of k and 16?
16
Let b(j) = j**3 - 13*j**2 + 12*j + 26. Let t be b(12). What is the highest common factor of 169 and t?
13
Suppose -4*x + 10 = r - 0*r, -4*r - 2*x + 12 = 0. Suppose -w - 4*k = -0 - 4, -2*w - r*k = -8. Calculate the highest common divisor of w and 20.
4
Suppose -2*i + 6*i + 3*x = 372, -4*x = 5*i - 464. What is the greatest common factor of i and 16?
16
Let a be 6/5*1*5. Suppose -3*n + 149 = 3*h - 2*h, -5*h + 169 = 3*n. What is the greatest common divisor of a and n?
6
Let p = 0 - -1. Let k = 10 + -9. What is the greatest common factor of k and p?
1
Let o(b) = 2*b**2 - 4*b - 2. Let w be o(3). Let r be (-6 - w)/(-2) - 3. What is the highest common factor of 6 and r?
2
Suppose -16*d + 1671 = -1209. Calculate the highest common divisor of 20 and d.
20
Suppose -8*h + 11*h = 216. What is the highest common factor of 9 and h?
9
Let h = -98 - -104. What is the highest common factor of h and 6?
6
Suppose -3*i + 1 = -4*x + 3*x, -20 = -4*x. Let u = i - 0. Let c be -1 + 13 + -4 + u. What is the greatest common divisor of c and 25?
5
Suppose 5*h = 4*a - 0*h - 70, -3*a + 39 = 3*h. Let n = 36 - a. What is the highest common factor of 14 and n?
7
Suppose -4*q - 8 = -8*q. Suppose -125 = -3*w - q*w. Let y be (6*1)/(5/w). Calculate the highest common divisor of y and 10.
10
Suppose -3*s - 4 - 17 = 0. Let b = s - -9. Let d be b/(-11) + (-222)/(-11). What is the greatest common divisor of 50 and d?
10
Suppose -b + 29 = -17. What is the greatest common divisor of 115 and b?
23
Let a(d) = -30*d. Let t be a(-6). Suppose -t = -4*k + 168. Suppose -3*w = 4*r - k, -2*r = w - 7*r - 48. Calculate the greatest common factor of 22 and w.
11
Suppose 5*t = -5*f + 50, -5*t + 6 = -2*t. Suppose -28*m = -5*k - 29*m + 125, 0 = -5*k - 5*m + 145. Calculate the greatest common divisor of k and f.
8
Suppose 39 = 2*i - 31. Let r = -20 + i. What is the hig